9*a**2 + 280*a + 1. What is r(-1)?
266
Let b(k) = -7*k**3 - 42*k**2 + 268*k + 4. Give b(-10).
124
Let v(i) = 6*i**3 - 269*i**2 + 9*i - 2447. Calculate v(45).
-17
Let q(y) = 11092*y + 687703. Calculate q(-62).
-1
Let b(w) = w**2 + 1486*w - 17947. Determine b(12).
29
Let i(t) = -3*t**2 - 3301*t - 6600. Give i(-2).
-10
Let t(i) = 2*i**3 - 13*i**2 - 48*i - 5. Calculate t(-5).
-340
Let g(p) = 138*p + 134393. Calculate g(-974).
-19
Let c(f) = 2736*f + 32930. Determine c(-12).
98
Let w(g) = -g**3 - 7*g**2 - 193*g + 1331. Give w(5).
66
Let r(z) = -4*z**3 - 269*z**2 + 1000*z + 452. What is r(4)?
-108
Let i(z) = 21515*z - 172597. Calculate i(8).
-477
Let c(q) = -q**3 + 9*q**2 + 1716*q - 12112. Calculate c(7).
-2
Let l(r) = -r**3 + 73*r**2 - 484*r + 1422. What is l(66)?
-30
Let u(p) = 36*p**3 + 3132*p**2 + 24*p + 172. Give u(-87).
-1916
Let u(f) = -11578*f + 1887212. Give u(163).
-2
Let z(k) = -35*k**3 - 288*k**2 + 89*k - 28. Give z(-9).
1358
Let l(r) = -r**3 + 54*r**2 + 2855*r + 670. What is l(87)?
-722
Let b(m) = 20537*m + 123219. What is b(-6)?
-3
Let w(n) = -16414*n - 50220. Determine w(-3).
-978
Let r(h) = -h**2 - 985*h + 88661. What is r(83)?
17
Let d(y) = y**3 - 142*y**2 - 1379*y + 3053. Give d(151).
33
Let w(n) = -n**3 + 666*n**2 - 2648*n - 601. Give w(662).
-601
Let q(r) = 360*r**2 - 20810*r - 25368. Determine q(59).
2
Let x(a) = 968*a + 262327. Give x(-271).
-1
Let g(q) = -18343*q + 11427695. Calculate g(623).
6
Let m(y) = -7*y**3 + 641*y**2 + 916*y + 1362. Calculate m(93).
60
Let o(k) = 290*k**2 - 24795*k - 63802. Determine o(88).
-2
Let v(p) = -1270*p + 10261. Give v(8).
101
Let g(b) = 4*b**2 + 655*b + 10693. What is g(-16)?
1237
Let u(z) = 131*z + 1850. Determine u(-30).
-2080
Let o(j) = -120*j**2 + 28201*j - 217. Determine o(235).
18
Let v(d) = 389*d**2 + 25283*d - 50. Give v(-65).
80
Let w(s) = 620*s - 3712. What is w(7)?
628
Let n(g) = 24*g**2 + 14356*g + 2396. Give n(-598).
4
Let t(h) = 173*h + 1705. Give t(-12).
-371
Let l(o) = o**3 - 33*o**2 + 188*o + 423. Calculate l(17).
-1005
Let q(n) = 5385*n - 662382. Determine q(123).
-27
Let x(h) = -8*h**3 + 9*h**2 + 1162*h - 9331. Calculate x(8).
-3555
Let x(c) = 4*c**3 + 4*c**2 - 34*c + 31. What is x(1)?
5
Let m(i) = 5783*i - 346965. Determine m(60).
15
Let u(n) = -30010*n - 720337. Give u(-24).
-97
Let t(q) = 48*q**2 - 935*q + 3658. Give t(14).
-24
Let x(j) = -117*j**3 + 306*j**2 - 27*j + 6. Determine x(3).
-480
Let k(i) = 5*i**3 + 141*i**2 - 193*i - 2227. What is k(-29)?
6
Let j(q) = 178*q**2 + 3690*q + 5823. Calculate j(-19).
-29
Let g(z) = -17*z + 1446. Calculate g(115).
-509
Let l(i) = 749*i + 154268. Calculate l(-206).
-26
Let c(i) = -163*i**2 - 77455*i - 14250. Determine c(-475).
0
Let n(s) = 981*s + 221709. Give n(-226).
3
Let b(y) = 21*y**2 + 17528*y - 58659. Calculate b(-838).
1
Let f(i) = 14038*i - 28131. Calculate f(2).
-55
Let x(s) = -62*s - 1451. Determine x(-24).
37
Let c(u) = 163848*u + 3932356. Determine c(-24).
4
Let n(f) = -f**3 + 35*f**2 + 21*f - 1778. What is n(34)?
92
Let r(d) = -3*d**3 + 14*d**2 + 1123*d - 5644. Calculate r(5).
-54
Let v(s) = -1379*s + 210997. Calculate v(153).
10
Let k(c) = 3*c**2 + 836*c - 38349. What is k(40)?
-109
Let o(t) = 18898*t + 4233186. What is o(-224)?
34
Let m(t) = -t**2 - 1884*t + 1078235. Calculate m(460).
-5
Let t(i) = 2*i**2 + 13*i - 8650. Calculate t(-69).
-25
Let m(w) = 205269*w - 1847186. What is m(9)?
235
Let m(x) = -3485*x**2 + 62717*x + 98. Give m(18).
-136
Let w(r) = 53*r + 2057. Calculate w(-61).
-1176
Let o(p) = 2*p**2 - 36729*p - 23148883. What is o(-610)?
7
Let v(u) = 18*u**2 - 1387*u + 1370. Determine v(76).
-74
Let s(i) = -i**3 + 116*i**2 + 1337*i + 783. What is s(-10)?
13
Let x(t) = -1452*t**3 - 15*t**2 - 13*t - 2. What is x(-1)?
1448
Let y(r) = 54*r**2 + 334*r + 1404. Calculate y(-5).
1084
Let p(k) = -10*k**2 - 154601*k - 5398782. Determine p(-35).
3
Let p(i) = -173732*i + 2258516. Give p(13).
0
Let b(s) = 1205170*s - 30129250. Give b(25).
0
Let a(z) = 6*z**2 + 1405*z + 15938. Give a(-12).
-58
Let q(n) = 26*n**3 + 14*n**2 - 25*n - 2. What is q(4)?
1786
Let s(h) = -36*h**2 + 1057*h + 7467. Determine s(-7).
-1696
Let k(m) = m**3 + 6*m**2 - 2*m - 50. What is k(0)?
-50
Let o(r) = -2*r**3 - 28*r**2 - 68*r - 36. What is o(-11)?
-14
Let k(s) = -3*s**2 - 2859*s + 14191. What is k(5)?
-179
Let m(x) = -11*x**2 + 52*x + 333. What is m(8)?
45
Let l(d) = -5751*d + 46119. Calculate l(8).
111
Let x(j) = 80431*j + 14799312. Calculate x(-184).
8
Let s(d) = -9*d**2 - 262*d + 66. Calculate s(-29).
95
Let y(i) = i**3 + 6*i**2 - 8542*i - 25625. Calculate y(-3).
28
Let m(t) = 45*t**2 - 1026*t + 748. Determine m(16).
-4148
Let r(f) = 648*f - 29109. Give r(50).
3291
Let t(j) = j**3 + 977*j**2 + 14445*j + 14390. Determine t(-962).
-40
Let v(p) = 75305*p - 2183869. Determine v(29).
-24
Let w(h) = -87*h**2 + 18*h + 712. Give w(0).
712
Let d(k) = -442*k + 52698. Give d(119).
100
Let s(d) = 8*d**2 + 758*d - 158734. What is s(-196)?
26
Let p(j) = 3*j**3 - 23*j**2 + 1235*j - 4766. Give p(4).
-2
Let n(z) = 989*z + 5449. Give n(-6).
-485
Let h(i) = -2*i**2 + 199*i + 4355. Calculate h(118).
-11
Let z(u) = 94*u**2 + 626*u - 3845. Calculate z(6).
3295
Let i(h) = -2895*h + 63745. Calculate i(22).
55
Let j(p) = -2*p**2 - 8195*p - 57250. Give j(-7).
17
Let z(b) = -3091*b - 18908. Determine z(-6).
-362
Let u(a) = 69*a + 128. What is u(-2)?
-10
Let s(p) = -13*p**2 - 135*p - 311. What is s(-7)?
-3
Let q(u) = 61720*u + 246983. Give q(-4).
103
Let l(j) = 2*j**3 - 11*j**2 - 13181*j + 65939. Give l(5).
9
Let n(d) = -7*d**2 - 391*d - 904. Calculate n(-55).
-574
Let m(s) = 4810*s + 408866. Give m(-85).
16
Let y(p) = -249*p - 34349. Calculate y(-138).
13
Let z(l) = -2*l**3 - 196*l**2 - 7311*l - 103493. Calculate z(-37).
-4
Let v(z) = 459*z - 90546. Calculate v(196).
-582
Let f(t) = -t**3 + 159*t**2 - 6328*t + 622. Give f(79).
-10
Let p(h) = 1873*h - 11809. Determine p(6).
-571
Let d(f) = -58*f - 8507. Calculate d(-126).
-1199
Let d(x) = -3*x**2 + 37*x + 971. Give d(26).
-95
Let x(b) = -64466*b + 7478045. Calculate x(116).
-11
Let d(p) = 19*p**3 + 36*p**2 - 100*p + 36. Determine d(2).
132
Let f(m) = 9*m**2 + 11962*m + 35831. What is f(-3)?
26
Let i(x) = x**3 - 9*x**2 - 337*x + 137. What is i(23)?
-208
Let m(b) = -1904*b - 578919. Calculate m(-304).
-103
Let p(v) = 142*v**2 + 726*v - 7. Calculate p(-5).
-87
Let g(m) = -m**3 - 30*m**2 + 6377*m - 50386. What is g(61)?
0
Let s(b) = -3670*b + 3603. Calculate s(1).
-67
Let a(x) = 101*x + 6217. Calculate a(-62).
-45
Let q(u) = u**3 - 542*u**2 - 2157*u + 39. What is q(-4)?
-69
Let o(f) = -f**3 + 4*f**2 + 1103*f - 8873. Give o(8).
-305
Let u(m) = -2*m**3 - 1718*m**2 - 8542*m - 1706. Calculate u(-854).
2
Let n(r) = 83*r**2 - 3906*r + 227. Calculate n(47).
-8
Let b(y) = -6397*y - 262346. Give b(-41).
-69
Let r(m) = -4*m**2 + 63*m + 3605. Give r(39).
-22
Let u(x) = -11755*x + 811092. Give u(69).
-3
Let w(b) = b**3 + 20*b**2 - 405*b - 1768. What is w(15)?
32
Let b(o) = o**3 + o**2 + 10*o + 451. Give b(-7).
87
Let w(f) = f**3 - 56*f**2 + 802*f - 973. Give w(23).
16
Let p(n) = 2*n**2 - 522*n + 8404. Give p(249).
2428
Let t(y) = 879*y**2 + 10*y - 11. Give t(1).
878
Let t(f) = -435*f - 248835. Determine t(-572).
-15
Let y(x) = 2526*x + 45618. Give y(-18).
150
Let y(k) = -k**2 - 81*k - 491. Determine y(-67).
447
Let b(g) = -g**3 - 46*g**2 - 87*g - 75. Calculate b(-44).
-119
Let t(j) = -1367*j - 13650. What is t(-10)?
20
Let a(v) = -2*v**3 + 13*v**2 + 3188*v - 6420. Calculate a(2).
-8
Let f(q) = -q**3 - 22*q**2 + 252*q - 856. What is f(-31)?
-19
Let r(x) = 2*x**3 - 1039*x**2 - 18243*x - 18. Determine r(-17).
16
Let i(x) = 2*x**3 + 59*x**2 - 392*x - 10707. Determine i(-30).
153
Let m(n) = -2*n**2 - 111*n - 222. Determine m(-2).
-8
Let i(l) = 935*l**3 - 2959*l - 2958. Give i(-1).
-934
Let f(o) = -38*o - 890. Determine f(17).
-1536
Let c(p) = 5914*p + 1738724. What is c(-294)?
8
Let p(a) = -8*a**3 + 3*a**2 + 117*a + 40. Calculate p(8).
-2928
Let u(a) = 2*a**3 + 1388*a**2 + 11003*a - 54. Calculate u(-8).
-270
Let b(a) = -2401*a + 7865. What is b(3)?
662
Let p(b) = -139*b + 1314. Calculate p(12).
-354
Let t(m) = 1619*m - 9675. What is t(6)?
39
Let v(a) = 237*a - 195. Give v(0).
-195
Let o(p) = -p**2 - 74297*p + 1560665. Calculate o(21).
-13